243 composite?
False
Is 244939 composite?
False
Is 10187 prime?
False
Is 11498 prime?
False
Is 131739 prime?
False
Is 16879 a composite number?
False
Is 655301 composite?
False
Is 2459 composite?
False
Is 88919 composite?
False
Is 251 a composite number?
False
Is 56081 a composite number?
False
Is 19531 a composite number?
False
Is 68879 a prime number?
True
Is 8641 prime?
True
Is 23339 prime?
True
Is 111145 a prime number?
False
Is 44257 a composite number?
False
Is 182159 a prime number?
True
Is 30689 composite?
False
Is 1182749 prime?
False
Is 4195 prime?
False
Is 1381 prime?
True
Is 209697 a composite number?
True
Is 534817 composite?
True
Is 26177 a prime number?
True
Is 142841 prime?
True
Is 1657 a composite number?
False
Is 203999 composite?
False
Is 24751 prime?
False
Is 34781 a composite number?
False
Is 6863 a prime number?
True
Is 2391 prime?
False
Is 913481 prime?
False
Is 16411 composite?
False
Is 36997 a composite number?
False
Is 127861 a prime number?
False
Is 8747 a prime number?
True
Is 397673 a composite number?
False
Is 8923 prime?
True
Is 20431 prime?
True
Is 211 composite?
False
Is 69137 composite?
True
Is 42193 a prime number?
True
Is 4327 prime?
True
Is 4135 prime?
False
Is 1470169 composite?
True
Is 33149 prime?
True
Is 22181 composite?
True
Is 174841 prime?
False
Is 637597 composite?
False
Is 122257 prime?
False
Is 350317 a composite number?
True
Is 189109 a prime number?
False
Is 69427 composite?
False
Is 13837 prime?
False
Is 1005269 a prime number?
True
Is 8419 prime?
True
Is 14677 a composite number?
True
Is 321947 composite?
False
Is 593 a composite number?
False
Is 489 composite?
True
Is 17041 a composite number?
False
Is 26183 a composite number?
False
Is 517271 composite?
True
Is 57149 a composite number?
False
Is 100679 composite?
True
Is 10771 composite?
False
Is 181166 composite?
True
Is 4049 a prime number?
True
Is 266606 composite?
True
Is 10037 composite?
False
Is 3979 a composite number?
True
Is 411233 a prime number?
True
Is 4909 composite?
False
Is 4987 a prime number?
True
Is 667 a composite number?
True
Is 1874 composite?
True
Is 3637793 composite?
False
Is 382237 composite?
True
Is 60969 a composite number?
True
Is 12757 prime?
True
Is 89353 composite?
True
Is 284969 a composite number?
False
Is 18199 composite?
False
Is 8033 prime?
False
Is 4109 composite?
True
Is 21053 a composite number?
True
Is 2127017 prime?
False
Is 25367 a composite number?
False
Is 8401 a prime number?
False
Is 353027 a prime number?
False
Is 210449 a composite number?
True
Is 38543 composite?
False
Is 13141 composite?
True
Is 202115 prime?
False
Is 3424045 prime?
False
Is 1523 prime?
True
Is 66799 composite?
True
Is 11213 a prime number?
True
Is 623399 a prime number?
False
Is 176659 composite?
True
Is 557 prime?
True
Is 231355 a composite number?
True
Is 1169929 composite?
False
Is 14041 a prime number?
False
Is 18697 a prime number?
False
Is 16327 composite?
True
Is 41941 a composite number?
False
Is 16753 a composite number?
True
Is 137323 prime?
False
Is 274489 prime?
True
Is 1114 a composite number?
True
Is 618377 prime?
True
Is 54719 composite?
True
Is 27479 a composite number?
False
Is 16703 composite?
False
Is 787 a composite number?
False
Is 180407 composite?
True
Is 1973 prime?
True
Is 25223 a composite number?
True
Is 269779 composite?
False
Is 51193 a composite number?
False
Is 4881 a composite number?
True
Is 105751 composite?
False
Is 64811 composite?
False
Is 31967 a composite number?
True
Is 27994 prime?
False
Is 12713 a composite number?
False
Is 173429 prime?
True
Is 314277 composite?
True
Is 4339 a prime number?
True
Is 230363 a composite number?
True
Is 4971 prime?
False
Is 2957 composite?
False
Is 142151 a prime number?
True
Is 28327 prime?
False
Is 7039 a composite number?
False
Is 529057 a composite number?
True
Is 276211 a composite number?
True
Is 10289 a prime number?
True
Is 14123 a prime number?
False
Is 1656761 a prime number?
True
Is 287789 a prime number?
True
Is 15541 a composite number?
False
Is 85055 prime?
False
Is 15569 composite?
False
Is 31553 prime?
False
Is 34577 prime?
False
Is 2251 composite?
False
Is 894947 prime?
True
Is 62173 composite?
True
Is 14519 prime?
True
Is 10265 composite?
True
Is 3251 a prime number?
True
Is 162109 a prime number?
True
Is 1022521 a composite number?
True
Is 11363 composite?
True
Is 385699 prime?
False
Is 49141 a prime number?
False
Is 3013 composite?
True
Is 10211 a prime number?
True
Is 416573 prime?
True
Is 270499 a prime number?
False
Is 73729 composite?
True
Is 34189 prime?
False
Is 10061 a prime number?
True
Is 969053 a composite number?
True
Is 1045307 a prime number?
True
Is 94613 a prime number?
True
Is 7864433 prime?
True
Is 1551551 a composite number?
False
Is 120895 composite?
True
Is 8267 a prime number?
False
Is 38431 a prime number?
True
Is 97231 a prime number?
True
Is 2521 a prime number?
True
Is 673063 a composite number?
False
Is 865274 prime?
False
Is 11483 a composite number?
False
Is 30379 a composite number?
True
Is 1687957 a composite number?
True
Is 47522 a composite number?
True
Is 21269 composite?
False
Is 1007 a composite number?
True
Is 62359 composite?
True
Is 154949 composite?
True
Is 518341 prime?
True
Is 70071 a composite number?
True
Is 10301 composite?
False
Is 22807 prime?
True
Is 1016527 prime?
True
Is 14503 a composite number?
False
Is 15689 a prime number?
False
Is 3793 composite?
False
Is 914507 prime?
False
Is 10427 a composite number?
False
Is 419963 composite?
True
Is 18431 a prime number?
False
Is 50021 prime?
True
Is 51479 prime?
True
Is 839 a composite number?
False
Is 144239 composite?
True
Is 1637 composite?
False
Is 63241 a prime number?
True
Is 38009 prime?
False
Is 40193 composite?
False
Is 276461 composite?
False
Is 1077731 prime?
False
Is 6629 a prime number?
False
Is 939751 a composite number?
True
Is 1059 prime?
False
Is 16127 a composite number?
False
Is 384791 prime?
False
Is 26141 a prime number?
True
Is 1356205 a prime number?
False
Is 32159 a composite number?
False
Is 1285 a composite number?
True
Is 102239 composite?
True
Is 3983 prime?
False
Is 2041 a composite number?
True
Is 209123 composite?
False
Is 4547 a prime number?
True
Is 445861 a composite number?
True
Is 40189 a prime number?
True
Is 216719 composite?
False
Is 19351 a prime number?
False
Is 4271 composite?
False
Is 5623 composite?
False
Is 130627 prime?
False
Is 2579 a prime number?
True
Is 227237 a composite number?
True
Is 15089 composite?
True
Is 70403 prime?
False
Is 10579 a composite number?
True
Is 289 composite?
True
Is 4003105 a composite number?
True
Is 84589 a composite number?
False
Is 15127 prime?
False
Is 4249 composite?
True
Is 6673 a composite number?
False
Is 3291571 a composite number?
True
Is 178 composite?
True
Is 483671 a composite number?
False
Is 1706 a prime number?
False
Is 20419 composite?
True
Is 496591 composite?
True
Is 3797 a composite number?
False
Is 331 a composite number?
False
Is 47597 a prime number?
False
Is 194 composite?
True
Is 36247 a prime number?
False
Is 24191 prime?
False
Is 1079 a prime number?
False
Is 2285 composite?
True
Is 41267 a composite number?
True
Is 36523 prime?
True
Is 1187717 prime?
True
Is 7421 prime?
False
Is 14218 a composite number?
True
Is 13285 composite?
True
Is 36187 a composite number?
False
Is 6421 prime?
True
Is 56423 a composite number?
True
Is 16271 a composite number?
True
Is 4164947 composite?
False
Is 555629 a composite number?
True
Is 10813 composite?
True
Is 118271 a prime number?
False
Is 56081 prime?
True
Is 3545 a composite number?
True
Is 436027 a prime number?
True
Is 541703 a prime number?
False
Is 6109 composite?
True
Is 1928141 composite?
False
Is 91551 prime?
False
Is 88001 a prime number?
True
Is 3277 composite?
True
Is 139807 prime?
False
Is 32567 a prime number?
False
Is 77417 prime?
True
Is 199009 a composite number?
True
Is 1543 a prime number?
True
Is 3613 a composite number?
False
Is 77709 a composite number?
True
Is 19841 prime?
True
Is 11587 prime?
True
Is 622987 composite?
False
Is 1949 prime?
True
Is 338609 a prime number?
True
Is 605711 prime?
False
Is 3159029 prime?
True
Is 12637 prime?
True
Is 19187 composite?
True
Is 355013 co